is 7 - -141197?
1411a3
In base 15, what is 3 + 2ec8aa?
2ec8ad
In base 6, what is -2000345241 - -3?
-2000345234
In base 7, what is 213 - -203564233?
203564446
In base 3, what is -20020 - 10202220211?
-10210011001
In base 12, what is ba59a + -86?
ba514
In base 13, what is 4515706 + 1?
4515707
In base 14, what is -1207aa - -16?
-120794
In base 2, what is -10010011000111101111111000010 - 0?
-10010011000111101111111000010
In base 14, what is 2162211a - 1?
21622119
In base 5, what is 14144 - 3003?
11141
In base 15, what is e76 + -3307?
-2381
In base 13, what is -c4b40 - a?
-c4b4a
In base 3, what is 22201 - -1122020202?
1122120110
In base 7, what is 11524552 + -642?
11523610
In base 3, what is -12110022121 + -110210?
-12110210101
In base 10, what is 8 - 97104?
-97096
In base 7, what is 52 + 10325633?
10326015
In base 7, what is -221343465 - -15?
-221343450
In base 11, what is 0 - -74a31?
74a31
In base 13, what is -3852 - 346?
-3b98
In base 13, what is -1 - -6297656?
6297655
In base 4, what is 102333 + -100210330?
-100101331
In base 6, what is 3212543150 + 2?
3212543152
In base 2, what is 11110100001 - 1111111100000?
-1100000111111
In base 4, what is -2 + -2100132011302?
-2100132011310
In base 4, what is 3 + 210200320330?
210200320333
In base 14, what is 66637c + -40?
66633c
In base 4, what is -31 - -322123013?
322122322
In base 9, what is -574806564 - -4?
-574806560
In base 4, what is 22321220312113 + 2?
22321220312121
In base 12, what is 1 + 408a95?
408a96
In base 10, what is -9974585 + 4?
-9974581
In base 10, what is 2 + -919520?
-919518
In base 14, what is 861 - -247d0?
25251
In base 14, what is -85d + 30cc?
266d
In base 13, what is 3b38b80 - 12?
3b38b6b
In base 16, what is e5964 + 3e?
e59a2
In base 15, what is 40b6be - 2b?
40b693
In base 13, what is 15c75c9 + -2?
15c75c7
In base 3, what is -1111010200 - 112110000?
-2000120200
In base 6, what is -1022315515 + -50?
-1022320005
In base 4, what is -122132002310331 + -1?
-122132002310332
In base 14, what is -123138 - 7?
-123141
In base 10, what is 2 - 454770?
-454768
In base 4, what is -10 + 30221220211?
30221220201
In base 8, what is 1 + 43737374?
43737375
In base 15, what is 3 + 25ecda?
25ecdd
In base 11, what is -26252 + 332?
-25a20
In base 6, what is -53302 - 351144?
-444450
In base 13, what is -11654 - -12?
-11642
In base 12, what is -4 - -100084b4?
100084b0
In base 16, what is -a + b21e0?
b21d6
In base 7, what is -1006606 + -6?
-1006615
In base 15, what is -13 + 1ee19c?
1ee189
In base 14, what is 8c6ba + -10d?
8c5ab
In base 13, what is -2840 + 261b?
-222
In base 16, what is -365d3 + -4?
-365d7
In base 10, what is -228414 - 723?
-229137
In base 4, what is -12132303000231 + -3?
-12132303000300
In base 12, what is -4 + 20010239?
20010235
In base 12, what is -74a7b + 5a2?
-74499
In base 7, what is -452 + 11461?
11006
In base 12, what is -11b435 + -2?
-11b437
In base 3, what is 11 - 2122112022012021?
-2122112022012010
In base 12, what is -14 - -393233?
39321b
In base 4, what is 123023211213012 + 0?
123023211213012
In base 16, what is -1b42bd7b + 0?
-1b42bd7b
In base 15, what is 1942 + -c288?
-a846
In base 16, what is -fcc1f8 - 3?
-fcc1fb
In base 13, what is -276 + -c0406?
-c067c
In base 3, what is -210202210000 + 1111?
-210202201112
In base 2, what is 111011011101100101101 - -100?
111011011101100110001
In base 7, what is 332013060 - 36?
332013021
In base 12, what is -71b2 + a512?
3320
In base 2, what is 1000101000110111100010 + -10001011?
1000101000110101010111
In base 11, what is 31a + -577773?
-577454
In base 3, what is -20202100 + -1112211?
-22022011
In base 11, what is 1345 + -67093?
-65849
In base 5, what is 142022 + -1022?
141000
In base 16, what is b2 - 1f2?
-140
In base 16, what is 0 + 144cabd8?
144cabd8
In base 7, what is 0 - 436340005?
-436340005
In base 3, what is 100210220121 - 10220?
100210202201
In base 13, what is -4b365 - 51?
-4b3b6
In base 10, what is 4 - 11515331?
-11515327
In base 16, what is -4b9 - -11b0?
cf7
In base 14, what is 26bda3 - -28?
26bdcb
In base 9, what is 1235187 - 0?
1235187
In base 9, what is 3888126 + -1?
3888125
In base 15, what is eae9 + -2a?
eabe
In base 15, what is 20490e + -2?
20490c
In base 11, what is 21 - 10220878?
-10220857
In base 16, what is 11b3e - b?
11b33
In base 12, what is 2955b4 + -6?
2955aa
In base 2, what is -11000101011011000 - 1010000?
-11000101100101000
In base 6, what is 431313050 + -3?
431313043
In base 8, what is 62 + -455526?
-455444
In base 7, what is -32600 - 36406?
-102306
In base 16, what is 1a - 88342?
-88328
In base 16, what is c210b1 - -6?
c210b7
In base 7, what is -4 - 312500415?
-312500422
In base 3, what is 1212112221210101 + -21?
1212112221210010
In base 7, what is -1236 + -3306205?
-3310444
In base 9, what is -5285431 - -4?
-5285426
In base 16, what is 16 - -18f444d?
18f4463
In base 2, what is 1011 + 10100100010100010100?
10100100010100011111
In base 3, what is -22102021 + -10102012?
-102211110
In base 13, what is -66b2c8 + -4?
-66b2cc
In base 9, what is -1 - -7242713?
7242712
In base 4, what is -122121132 - 10131?
-122131323
In base 9, what is 346316 + 4787?
352214
In base 9, what is 40683457 + 3?
40683461
In base 12, what is -6bb7 + 551aa?
4a1b3
In base 6, what is -2514040 + 33230?
-2440410
In base 6, what is -4 - 235401531?
-235401535
In base 3, what is 12212220010202222 - -12?
12212220010210011
In base 15, what is -118 + 2c4c2?
2c3a9
In base 13, what is 24 + -915ab80?
-915ab59
In base 9, what is -2042006 - 468?
-2042475
In base 16, what is -19be + 36f?
-164f
In base 16, what is 3 - -94406a?
94406d
In base 3, what is -120122020102201121 - 0?
-120122020102201121
In base 13, what is 800b2 + 248?
8032a
In base 3, what is 10220101201110 - 12?
10220101201021
In base 10, what is 146 + -5874202?
-5874056
In base 4, what is 20 + 111102211221?
111102211301
In base 12, what is b4730 + -752?
b3b9a
In base 9, what is -500657 + -47?
-500715
In base 12, what is -a - -16580289?
1658027b
In base 12, what is 2a6 + -79b4?
-770a
In base 4, what is -2 + 1010023111221?
1010023111213
In base 4, what is 33333012203 + 11?
33333012220
In base 16, what is -31db - 5a2?
-377d
In base 11, what is 122 + 12185?
122a7
In base 12, what is 1059395 + -1?
1059394
In base 14, what is -3bab3 - -5d?
-3ba54
In base 6, what is 1033353111 - -4?
1033353115
In base 7, what is 22524 - -3124?
25651
In base 4, what is 23103210322 - -10?
23103210332
In base 12, what is -2 + -3a687?
-3a689
In base 7, what is -33002 - 4323?
-40325
In base 3, what is -1201102 - 100121100?
-102022202
In base 13, what is -1c5 + -8256?
-844b
In base 16, what is -246ba + 9da?
-23ce0
In base 3, what is 211 + 20101020012212?
20101020020200
In base 8, what is 25571144 - 5?
25571137
In base 7, what is -2 + 145125403?
145125401
In base 14, what is 722059 + 13?
72206c
In base 7, what is -36440 - 142633?
-212403
In base 3, what is -12001112 - -1111102102?
1022100220
In base 7, what is 611 + 1521?
2432
In base 14, what is 39 + -16da31?
-16d9d6
In base 10, what is 2034 - -55202?
57236
In base 9, what is -4727352 + -7?
-4727360
In base 11, what is 126158 + 118?
126275
In base 10, what is -30 - 570278?
-570308
In base 2, what is 11011001110 - 110001101011001100?
-110001001111111110
In base 14, what is 65b1 + 90b?
70bc
In base 8, what is -340 + -16647?
-17207
In base 6, what is 1312 + 332405?
334121
In base 12, what is 30639 + 4a46?
35483
In base 11, what is 7 - -4889656?
4889662
In base 3, what is 1202 - 101202000011?
-101201221102
In base 11, what is -19823a1 + 4?
-1982398
In base 9, what is 21 + -17551160?
-17551138
In base 7, what is -2 + -102061044?
-102061046
In base 5, what is 411303220 - 342?
411302323
In base 15, what is 6 - -5e0e01?
5e0e07
In base 13, what is -1c6a - -67?
-1c03
In base 12, what is -18267 - -335b?
-14b08
In base 10, what is 5004 + 11214?
16218
In base 14, what is 5 + 167642a7?
167642ac
In base 4, what is 2320110023231 + 10?
2320110023301
In base 8, what is -51363 + 413?
-50750
In base 15, what is -4 + 3271a6?
3271a2
In base 15, what is -b60d - 45d?
-ba6b
In base 3, what is 1002 + -1210222100?
-1210221021
In base 5, what is -4 - 3241213210?
-3241213214
In base 11, what is -16 - -17915480?
17915465
In base 8, what is 53 + -1637713?
-1637640
In base 11, what is 26209 - -342?
2655